{"id":763,"date":"2021-10-19T06:42:21","date_gmt":"2021-10-19T06:42:21","guid":{"rendered":"https:\/\/d.wbsprt.com\/taltosdob.hu\/?page_id=763"},"modified":"2022-05-12T09:53:42","modified_gmt":"2022-05-12T09:53:42","slug":"tortenetunk","status":"publish","type":"page","link":"https:\/\/www.taltosdob.hu\/index.php\/bemutatkozas\/tortenetunk\/","title":{"rendered":"T\u00d6RT\u00c9NET\u00dcNK"},"content":{"rendered":"<p>[et_pb_section fb_built=&#8221;1&#8243; _builder_version=&#8221;4.10.4&#8243; _module_preset=&#8221;default&#8221; background_color=&#8221;#d98115&#8243; background_enable_image=&#8221;off&#8221; custom_margin=&#8221;-7px||-7px||false|false&#8221; custom_padding=&#8221;0px||0px||false|false&#8221; bottom_divider_color=&#8221;#FFFFFF&#8221; bottom_divider_height=&#8221;24px&#8221; border_color_all=&#8221;#a0583c&#8221; border_style_all=&#8221;ridge&#8221; border_color_top=&#8221;#FFFFFF&#8221; border_style_bottom=&#8221;solid&#8221; global_colors_info=&#8221;{}&#8221;][et_pb_row _builder_version=&#8221;4.9.2&#8243; _module_preset=&#8221;default&#8221; custom_padding=&#8221;||19px|||&#8221; global_colors_info=&#8221;{}&#8221;][et_pb_column type=&#8221;4_4&#8243; _builder_version=&#8221;4.9.2&#8243; _module_preset=&#8221;default&#8221; global_colors_info=&#8221;{}&#8221;][et_pb_text _builder_version=&#8221;4.10.4&#8243; _module_preset=&#8221;default&#8221; text_font=&#8221;Akaya Kanadaka||||||||&#8221; text_text_color=&#8221;#FFFFFF&#8221; text_font_size=&#8221;42px&#8221; header_text_color=&#8221;#000000&#8243; header_font_size=&#8221;44px&#8221; header_2_text_color=&#8221;#000000&#8243; global_colors_info=&#8221;{}&#8221;]<\/p>\n<h1 style=\"text-align: left;\">T\u00d6RT\u00c9NET\u00dcNK<\/h1>\n<p>[\/et_pb_text][\/et_pb_column][\/et_pb_row][\/et_pb_section][et_pb_section fb_built=&#8221;1&#8243; _builder_version=&#8221;4.10.4&#8243; _module_preset=&#8221;default&#8221; background_color=&#8221;RGBA(0,0,0,0)&#8221; background_image=&#8221;https:\/\/d.wbsprt.com\/taltosdob.hu\/wp-content\/uploads\/2021\/09\/Regelo-Feher-Taltos-Dobcsapat-Textura_vizszintes.jpg&#8221; custom_padding=&#8221;43px||40px|||&#8221; top_divider_color=&#8221;#FFFFFF&#8221; top_divider_height=&#8221;62px&#8221; border_color_top=&#8221;#a0583c&#8221; border_color_bottom=&#8221;#a0583c&#8221; global_colors_info=&#8221;{}&#8221;][et_pb_row column_structure=&#8221;1_2,1_2&#8243; _builder_version=&#8221;4.9.2&#8243; _module_preset=&#8221;default&#8221; custom_margin=&#8221;40px|auto||auto||&#8221; custom_padding=&#8221;18px||16px|||&#8221; global_colors_info=&#8221;{}&#8221;][et_pb_column type=&#8221;1_2&#8243; _builder_version=&#8221;4.9.2&#8243; _module_preset=&#8221;default&#8221; global_colors_info=&#8221;{}&#8221;][et_pb_image src=&#8221;https:\/\/d.wbsprt.com\/taltosdob.hu\/wp-content\/uploads\/2021\/10\/Regelo-Feher-Taltos-Dobcsapat-tortenetunk-650.jpg&#8221; alt=&#8221;Reg\u00e9l\u0151 Feh\u00e9r T\u00e1ltos Dobcsapat t\u00f6rt\u00e9net\u00fcnk 650&#8243; title_text=&#8221;Reg\u00e9l\u0151 Feh\u00e9r T\u00e1ltos Dobcsapat t\u00f6rt\u00e9net\u00fcnk 650&#8243; align=&#8221;center&#8221; _builder_version=&#8221;4.10.4&#8243; _module_preset=&#8221;default&#8221; border_color_all=&#8221;#d98115&#8243; global_colors_info=&#8221;{}&#8221;][\/et_pb_image][\/et_pb_column][et_pb_column type=&#8221;1_2&#8243; _builder_version=&#8221;4.9.2&#8243; _module_preset=&#8221;default&#8221; global_colors_info=&#8221;{}&#8221;][et_pb_text _builder_version=&#8221;4.10.4&#8243; _module_preset=&#8221;default&#8221; text_font=&#8221;||||||||&#8221; text_text_color=&#8221;#ddd6cc&#8221; text_font_size=&#8221;19px&#8221; text_line_height=&#8221;1.4em&#8221; global_colors_info=&#8221;{}&#8221;]<\/p>\n<p><strong>T\u00d6RT\u00c9NET\u00dcNK<\/strong><\/p>\n<p><span>Reg\u00e9l\u0151 Feh\u00e9r T\u00e1ltos Dobcsapatunk 2007-ben alakult, \u00f6nk\u00e9ntesekb\u0151l \u00e1ll. C\u00e9lunk az \u0151si magyar n\u00e9pl\u00e9lek felsz\u00ednre hozatala, a bels\u0151 emberi \u00e9rt\u00e9kek felid\u00e9z\u00e9se, melyeket t\u00e1ltos dobjaink lelkes\u00edt\u0151 rezg\u00e9s\u00e9vel er\u0151s\u00edt\u00fcnk fel. <\/span><\/p>\n<p><span>Dalaink a szeretetr\u0151l, becs\u00fcletr\u0151l, hazaszeretetr\u0151l \u00e9s a mindenek feletti Isten hitr\u0151l sz\u00f3lnak, mellyel szeretn\u00e9nk minden ember sz\u00edv\u00e9hez eljutni. Egyes\u00fclet\u00fcnk politik\u00e1t\u00f3l \u00e9s vall\u00e1si hovatartoz\u00e1st\u00f3l f\u00fcggetlen. Igyeksz\u00fcnk minden helysz\u00ednre, rendezv\u00e9nyre elmenni, ahova megh\u00edv\u00e1st kapunk<\/span><\/p>\n<p>[\/et_pb_text][\/et_pb_column][\/et_pb_row][et_pb_row _builder_version=&#8221;4.9.2&#8243; _module_preset=&#8221;default&#8221; global_colors_info=&#8221;{}&#8221;][et_pb_column type=&#8221;4_4&#8243; _builder_version=&#8221;4.9.2&#8243; _module_preset=&#8221;default&#8221; global_colors_info=&#8221;{}&#8221;][bapro_testimonial_carousel is_autoplay=&#8221;off&#8221; slide_spacing=&#8221;12px&#8221; _builder_version=&#8221;4.9.2&#8243; _module_preset=&#8221;default&#8221; hover_enabled=&#8221;0&#8243; global_colors_info=&#8221;{}&#8221; sticky_enabled=&#8221;0&#8243;][bapro_testimonial_carousel_child name=&#8221;2018&#8243; testimonial=&#8221;Your content goes here. Edit or remove this text inline or in the module Content settings. You can also style every aspect of this content in the module Design settings and even apply custom CSS to this text in the module Advanced settings.&#8221; hide_quote=&#8221;on&#8221; reviewer_position=&#8221;top&#8221; review_design=&#8221;bubble&#8221; _builder_version=&#8221;4.9.2&#8243; _module_preset=&#8221;default&#8221; name_text_color=&#8221;#FFFFFF&#8221; name_font_size=&#8221;26px&#8221; title_text_color=&#8221;#FFFFFF&#8221; review_text_color=&#8221;#a0583c&#8221; background_color=&#8221;RGBA(0,0,0,0)&#8221; background_enable_color=&#8221;on&#8221; custom_margin=&#8221;16px||||false|false&#8221; global_colors_info=&#8221;{}&#8221;][\/bapro_testimonial_carousel_child][bapro_testimonial_carousel_child name=&#8221;2019&#8243; testimonial=&#8221;Your content goes here. Edit or remove this text inline or in the module Content settings. You can also style every aspect of this content in the module Design settings and even apply custom CSS to this text in the module Advanced settings.&#8221; hide_quote=&#8221;on&#8221; reviewer_position=&#8221;top&#8221; review_design=&#8221;bubble&#8221; _builder_version=&#8221;4.9.2&#8243; _module_preset=&#8221;default&#8221; name_text_color=&#8221;#FFFFFF&#8221; name_font_size=&#8221;26px&#8221; title_text_color=&#8221;#FFFFFF&#8221; review_text_color=&#8221;#a0583c&#8221; background_color=&#8221;RGBA(0,0,0,0)&#8221; background_enable_color=&#8221;on&#8221; custom_margin=&#8221;16px||||false|false&#8221; global_colors_info=&#8221;{}&#8221;][\/bapro_testimonial_carousel_child][bapro_testimonial_carousel_child name=&#8221;2020&#8243; testimonial=&#8221;Your content goes here. Edit or remove this text inline or in the module Content settings. You can also style every aspect of this content in the module Design settings and even apply custom CSS to this text in the module Advanced settings.&#8221; hide_quote=&#8221;on&#8221; reviewer_position=&#8221;top&#8221; review_design=&#8221;bubble&#8221; _builder_version=&#8221;4.9.2&#8243; _module_preset=&#8221;default&#8221; name_text_color=&#8221;#FFFFFF&#8221; name_font_size=&#8221;26px&#8221; title_text_color=&#8221;#FFFFFF&#8221; review_text_color=&#8221;#a0583c&#8221; background_color=&#8221;RGBA(0,0,0,0)&#8221; background_enable_color=&#8221;on&#8221; custom_margin=&#8221;16px||||false|false&#8221; global_colors_info=&#8221;{}&#8221;][\/bapro_testimonial_carousel_child][bapro_testimonial_carousel_child name=&#8221;2021&#8243; testimonial=&#8221;Your content goes here. Edit or remove this text inline or in the module Content settings. You can also style every aspect of this content in the module Design settings and even apply custom CSS to this text in the module Advanced settings.&#8221; hide_quote=&#8221;on&#8221; reviewer_position=&#8221;top&#8221; review_design=&#8221;bubble&#8221; _builder_version=&#8221;4.9.2&#8243; _module_preset=&#8221;default&#8221; name_text_color=&#8221;#FFFFFF&#8221; name_font_size=&#8221;26px&#8221; title_text_color=&#8221;#FFFFFF&#8221; review_text_color=&#8221;#a0583c&#8221; background_color=&#8221;RGBA(0,0,0,0)&#8221; background_enable_color=&#8221;on&#8221; custom_margin=&#8221;16px||||false|false&#8221; global_colors_info=&#8221;{}&#8221;][\/bapro_testimonial_carousel_child][\/bapro_testimonial_carousel][\/et_pb_column][\/et_pb_row][\/et_pb_section]<\/p>\n","protected":false},"excerpt":{"rendered":"<p>T\u00d6RT\u00c9NET\u00dcNKT\u00d6RT\u00c9NET\u00dcNK Reg\u00e9l\u0151 Feh\u00e9r T\u00e1ltos Dobcsapatunk 2007-ben alakult, \u00f6nk\u00e9ntesekb\u0151l \u00e1ll. C\u00e9lunk az \u0151si magyar n\u00e9pl\u00e9lek felsz\u00ednre hozatala, a bels\u0151 emberi \u00e9rt\u00e9kek felid\u00e9z\u00e9se, melyeket t\u00e1ltos dobjaink lelkes\u00edt\u0151 rezg\u00e9s\u00e9vel er\u0151s\u00edt\u00fcnk fel. Dalaink a szeretetr\u0151l, becs\u00fcletr\u0151l, hazaszeretetr\u0151l \u00e9s a mindenek feletti Isten hitr\u0151l sz\u00f3lnak, mellyel szeretn\u00e9nk minden ember sz\u00edv\u00e9hez eljutni. Egyes\u00fclet\u00fcnk politik\u00e1t\u00f3l \u00e9s vall\u00e1si hovatartoz\u00e1st\u00f3l f\u00fcggetlen. Igyeksz\u00fcnk minden helysz\u00ednre, [&hellip;]<\/p>\n","protected":false},"author":1,"featured_media":0,"parent":342,"menu_order":0,"comment_status":"closed","ping_status":"closed","template":"","meta":{"_et_pb_use_builder":"on","_et_pb_old_content":"","_et_gb_content_width":"","ngg_post_thumbnail":0,"footnotes":""},"class_list":["post-763","page","type-page","status-publish","hentry"],"yoast_head":"<!-- This site is optimized with the Yoast SEO plugin v27.5 - https:\/\/yoast.com\/product\/yoast-seo-wordpress\/ -->\n<title>T\u00d6RT\u00c9NET\u00dcNK - Reg\u00e9l\u0151 Feh\u00e9r T\u00e1ltos Dobcsapat<\/title>\n<meta name=\"robots\" content=\"index, follow, max-snippet:-1, max-image-preview:large, max-video-preview:-1\" \/>\n<link rel=\"canonical\" href=\"https:\/\/www.taltosdob.hu\/index.php\/bemutatkozas\/tortenetunk\/\" \/>\n<meta property=\"og:locale\" content=\"hu_HU\" \/>\n<meta property=\"og:type\" content=\"article\" \/>\n<meta property=\"og:title\" content=\"T\u00d6RT\u00c9NET\u00dcNK - Reg\u00e9l\u0151 Feh\u00e9r T\u00e1ltos Dobcsapat\" \/>\n<meta property=\"og:description\" content=\"T\u00d6RT\u00c9NET\u00dcNKT\u00d6RT\u00c9NET\u00dcNK Reg\u00e9l\u0151 Feh\u00e9r T\u00e1ltos Dobcsapatunk 2007-ben alakult, \u00f6nk\u00e9ntesekb\u0151l \u00e1ll. C\u00e9lunk az \u0151si magyar n\u00e9pl\u00e9lek felsz\u00ednre hozatala, a bels\u0151 emberi \u00e9rt\u00e9kek felid\u00e9z\u00e9se, melyeket t\u00e1ltos dobjaink lelkes\u00edt\u0151 rezg\u00e9s\u00e9vel er\u0151s\u00edt\u00fcnk fel. Dalaink a szeretetr\u0151l, becs\u00fcletr\u0151l, hazaszeretetr\u0151l \u00e9s a mindenek feletti Isten hitr\u0151l sz\u00f3lnak, mellyel szeretn\u00e9nk minden ember sz\u00edv\u00e9hez eljutni. Egyes\u00fclet\u00fcnk politik\u00e1t\u00f3l \u00e9s vall\u00e1si hovatartoz\u00e1st\u00f3l f\u00fcggetlen. Igyeksz\u00fcnk minden helysz\u00ednre, [&hellip;]\" \/>\n<meta property=\"og:url\" content=\"https:\/\/www.taltosdob.hu\/index.php\/bemutatkozas\/tortenetunk\/\" \/>\n<meta property=\"og:site_name\" content=\"Reg\u00e9l\u0151 Feh\u00e9r T\u00e1ltos Dobcsapat\" \/>\n<meta property=\"article:modified_time\" content=\"2022-05-12T09:53:42+00:00\" \/>\n<meta name=\"twitter:card\" content=\"summary_large_image\" \/>\n<meta name=\"twitter:label1\" content=\"Becs\u00fclt olvas\u00e1si id\u0151\" \/>\n\t<meta name=\"twitter:data1\" content=\"4 perc\" \/>\n<script type=\"application\/ld+json\" class=\"yoast-schema-graph\">{\"@context\":\"https:\\\/\\\/schema.org\",\"@graph\":[{\"@type\":\"WebPage\",\"@id\":\"https:\\\/\\\/www.taltosdob.hu\\\/index.php\\\/bemutatkozas\\\/tortenetunk\\\/\",\"url\":\"https:\\\/\\\/www.taltosdob.hu\\\/index.php\\\/bemutatkozas\\\/tortenetunk\\\/\",\"name\":\"T\u00d6RT\u00c9NET\u00dcNK - Reg\u00e9l\u0151 Feh\u00e9r T\u00e1ltos Dobcsapat\",\"isPartOf\":{\"@id\":\"https:\\\/\\\/www.taltosdob.hu\\\/#website\"},\"datePublished\":\"2021-10-19T06:42:21+00:00\",\"dateModified\":\"2022-05-12T09:53:42+00:00\",\"breadcrumb\":{\"@id\":\"https:\\\/\\\/www.taltosdob.hu\\\/index.php\\\/bemutatkozas\\\/tortenetunk\\\/#breadcrumb\"},\"inLanguage\":\"hu\",\"potentialAction\":[{\"@type\":\"ReadAction\",\"target\":[\"https:\\\/\\\/www.taltosdob.hu\\\/index.php\\\/bemutatkozas\\\/tortenetunk\\\/\"]}]},{\"@type\":\"BreadcrumbList\",\"@id\":\"https:\\\/\\\/www.taltosdob.hu\\\/index.php\\\/bemutatkozas\\\/tortenetunk\\\/#breadcrumb\",\"itemListElement\":[{\"@type\":\"ListItem\",\"position\":1,\"name\":\"Kezd\u0151lap\",\"item\":\"https:\\\/\\\/www.taltosdob.hu\\\/\"},{\"@type\":\"ListItem\",\"position\":2,\"name\":\"Bemutatkoz\u00e1s\",\"item\":\"https:\\\/\\\/www.taltosdob.hu\\\/index.php\\\/bemutatkozas\\\/\"},{\"@type\":\"ListItem\",\"position\":3,\"name\":\"T\u00d6RT\u00c9NET\u00dcNK\"}]},{\"@type\":\"WebSite\",\"@id\":\"https:\\\/\\\/www.taltosdob.hu\\\/#website\",\"url\":\"https:\\\/\\\/www.taltosdob.hu\\\/\",\"name\":\"Reg\u00e9l\u0151 Feh\u00e9r T\u00e1ltos Dobcsapat\",\"description\":\"...egy \u00fajabb WordPress honlap...\",\"potentialAction\":[{\"@type\":\"SearchAction\",\"target\":{\"@type\":\"EntryPoint\",\"urlTemplate\":\"https:\\\/\\\/www.taltosdob.hu\\\/?s={search_term_string}\"},\"query-input\":{\"@type\":\"PropertyValueSpecification\",\"valueRequired\":true,\"valueName\":\"search_term_string\"}}],\"inLanguage\":\"hu\"}]}<\/script>\n<!-- \/ Yoast SEO plugin. -->","yoast_head_json":{"title":"T\u00d6RT\u00c9NET\u00dcNK - Reg\u00e9l\u0151 Feh\u00e9r T\u00e1ltos Dobcsapat","robots":{"index":"index","follow":"follow","max-snippet":"max-snippet:-1","max-image-preview":"max-image-preview:large","max-video-preview":"max-video-preview:-1"},"canonical":"https:\/\/www.taltosdob.hu\/index.php\/bemutatkozas\/tortenetunk\/","og_locale":"hu_HU","og_type":"article","og_title":"T\u00d6RT\u00c9NET\u00dcNK - Reg\u00e9l\u0151 Feh\u00e9r T\u00e1ltos Dobcsapat","og_description":"T\u00d6RT\u00c9NET\u00dcNKT\u00d6RT\u00c9NET\u00dcNK Reg\u00e9l\u0151 Feh\u00e9r T\u00e1ltos Dobcsapatunk 2007-ben alakult, \u00f6nk\u00e9ntesekb\u0151l \u00e1ll. C\u00e9lunk az \u0151si magyar n\u00e9pl\u00e9lek felsz\u00ednre hozatala, a bels\u0151 emberi \u00e9rt\u00e9kek felid\u00e9z\u00e9se, melyeket t\u00e1ltos dobjaink lelkes\u00edt\u0151 rezg\u00e9s\u00e9vel er\u0151s\u00edt\u00fcnk fel. Dalaink a szeretetr\u0151l, becs\u00fcletr\u0151l, hazaszeretetr\u0151l \u00e9s a mindenek feletti Isten hitr\u0151l sz\u00f3lnak, mellyel szeretn\u00e9nk minden ember sz\u00edv\u00e9hez eljutni. Egyes\u00fclet\u00fcnk politik\u00e1t\u00f3l \u00e9s vall\u00e1si hovatartoz\u00e1st\u00f3l f\u00fcggetlen. Igyeksz\u00fcnk minden helysz\u00ednre, [&hellip;]","og_url":"https:\/\/www.taltosdob.hu\/index.php\/bemutatkozas\/tortenetunk\/","og_site_name":"Reg\u00e9l\u0151 Feh\u00e9r T\u00e1ltos Dobcsapat","article_modified_time":"2022-05-12T09:53:42+00:00","twitter_card":"summary_large_image","twitter_misc":{"Becs\u00fclt olvas\u00e1si id\u0151":"4 perc"},"schema":{"@context":"https:\/\/schema.org","@graph":[{"@type":"WebPage","@id":"https:\/\/www.taltosdob.hu\/index.php\/bemutatkozas\/tortenetunk\/","url":"https:\/\/www.taltosdob.hu\/index.php\/bemutatkozas\/tortenetunk\/","name":"T\u00d6RT\u00c9NET\u00dcNK - Reg\u00e9l\u0151 Feh\u00e9r T\u00e1ltos Dobcsapat","isPartOf":{"@id":"https:\/\/www.taltosdob.hu\/#website"},"datePublished":"2021-10-19T06:42:21+00:00","dateModified":"2022-05-12T09:53:42+00:00","breadcrumb":{"@id":"https:\/\/www.taltosdob.hu\/index.php\/bemutatkozas\/tortenetunk\/#breadcrumb"},"inLanguage":"hu","potentialAction":[{"@type":"ReadAction","target":["https:\/\/www.taltosdob.hu\/index.php\/bemutatkozas\/tortenetunk\/"]}]},{"@type":"BreadcrumbList","@id":"https:\/\/www.taltosdob.hu\/index.php\/bemutatkozas\/tortenetunk\/#breadcrumb","itemListElement":[{"@type":"ListItem","position":1,"name":"Kezd\u0151lap","item":"https:\/\/www.taltosdob.hu\/"},{"@type":"ListItem","position":2,"name":"Bemutatkoz\u00e1s","item":"https:\/\/www.taltosdob.hu\/index.php\/bemutatkozas\/"},{"@type":"ListItem","position":3,"name":"T\u00d6RT\u00c9NET\u00dcNK"}]},{"@type":"WebSite","@id":"https:\/\/www.taltosdob.hu\/#website","url":"https:\/\/www.taltosdob.hu\/","name":"Reg\u00e9l\u0151 Feh\u00e9r T\u00e1ltos Dobcsapat","description":"...egy \u00fajabb WordPress honlap...","potentialAction":[{"@type":"SearchAction","target":{"@type":"EntryPoint","urlTemplate":"https:\/\/www.taltosdob.hu\/?s={search_term_string}"},"query-input":{"@type":"PropertyValueSpecification","valueRequired":true,"valueName":"search_term_string"}}],"inLanguage":"hu"}]}},"_links":{"self":[{"href":"https:\/\/www.taltosdob.hu\/index.php\/wp-json\/wp\/v2\/pages\/763","targetHints":{"allow":["GET"]}}],"collection":[{"href":"https:\/\/www.taltosdob.hu\/index.php\/wp-json\/wp\/v2\/pages"}],"about":[{"href":"https:\/\/www.taltosdob.hu\/index.php\/wp-json\/wp\/v2\/types\/page"}],"author":[{"embeddable":true,"href":"https:\/\/www.taltosdob.hu\/index.php\/wp-json\/wp\/v2\/users\/1"}],"replies":[{"embeddable":true,"href":"https:\/\/www.taltosdob.hu\/index.php\/wp-json\/wp\/v2\/comments?post=763"}],"version-history":[{"count":7,"href":"https:\/\/www.taltosdob.hu\/index.php\/wp-json\/wp\/v2\/pages\/763\/revisions"}],"predecessor-version":[{"id":1201,"href":"https:\/\/www.taltosdob.hu\/index.php\/wp-json\/wp\/v2\/pages\/763\/revisions\/1201"}],"up":[{"embeddable":true,"href":"https:\/\/www.taltosdob.hu\/index.php\/wp-json\/wp\/v2\/pages\/342"}],"wp:attachment":[{"href":"https:\/\/www.taltosdob.hu\/index.php\/wp-json\/wp\/v2\/media?parent=763"}],"curies":[{"name":"wp","href":"https:\/\/api.w.org\/{rel}","templated":true}]}}