{"id":785,"date":"2021-10-19T14:30:06","date_gmt":"2021-10-19T14:30:06","guid":{"rendered":"https:\/\/d.wbsprt.com\/taltosdob.hu\/?page_id=785"},"modified":"2026-02-19T08:55:56","modified_gmt":"2026-02-19T08:55:56","slug":"egyesulet","status":"publish","type":"page","link":"https:\/\/www.taltosdob.hu\/index.php\/bemutatkozas\/egyesulet\/","title":{"rendered":"EGYES\u00dcLET"},"content":{"rendered":"<p>[et_pb_section fb_built=&#8221;1&#8243; _builder_version=&#8221;4.10.4&#8243; _module_preset=&#8221;default&#8221; background_color=&#8221;#d98115&#8243; background_enable_image=&#8221;off&#8221; custom_margin=&#8221;-7px||-7px||false|false&#8221; custom_padding=&#8221;0px||0px||false|false&#8221; bottom_divider_color=&#8221;#FFFFFF&#8221; bottom_divider_height=&#8221;24px&#8221; border_color_all=&#8221;#a0583c&#8221; border_style_all=&#8221;ridge&#8221; border_color_top=&#8221;#FFFFFF&#8221; border_style_bottom=&#8221;solid&#8221; global_colors_info=&#8221;{}&#8221;][et_pb_row _builder_version=&#8221;4.9.2&#8243; _module_preset=&#8221;default&#8221; custom_padding=&#8221;||19px|||&#8221; global_colors_info=&#8221;{}&#8221;][et_pb_column type=&#8221;4_4&#8243; _builder_version=&#8221;4.9.2&#8243; _module_preset=&#8221;default&#8221; global_colors_info=&#8221;{}&#8221;][et_pb_text _builder_version=&#8221;4.10.4&#8243; _module_preset=&#8221;default&#8221; text_font=&#8221;Akaya Kanadaka||||||||&#8221; text_text_color=&#8221;#FFFFFF&#8221; text_font_size=&#8221;42px&#8221; header_text_color=&#8221;#000000&#8243; header_font_size=&#8221;44px&#8221; header_2_text_color=&#8221;#000000&#8243; global_colors_info=&#8221;{}&#8221;]<\/p>\n<h1 style=\"text-align: left;\">EGYES\u00dcLET<\/h1>\n<p>[\/et_pb_text][\/et_pb_column][\/et_pb_row][\/et_pb_section][et_pb_section fb_built=&#8221;1&#8243; _builder_version=&#8221;4.10.4&#8243; _module_preset=&#8221;default&#8221; background_color=&#8221;rgba(255,255,255,0.6)&#8221; background_image=&#8221;https:\/\/d.wbsprt.com\/taltosdob.hu\/wp-content\/uploads\/2021\/09\/Regelo-Feher-Taltos-Dobcsapat-Textura_vizszintes.jpg&#8221; custom_padding=&#8221;60px||43px|||&#8221; border_color_top=&#8221;#d98115&#8243; border_color_bottom=&#8221;#a0583c&#8221; global_colors_info=&#8221;{}&#8221;][et_pb_row _builder_version=&#8221;4.9.2&#8243; _module_preset=&#8221;default&#8221; background_color=&#8221;RGBA(0,0,0,0)&#8221; custom_padding=&#8221;18px||16px|||&#8221; global_colors_info=&#8221;{}&#8221;][et_pb_column type=&#8221;4_4&#8243; _builder_version=&#8221;4.9.2&#8243; _module_preset=&#8221;default&#8221; global_colors_info=&#8221;{}&#8221;][et_pb_text _builder_version=&#8221;4.14.9&#8243; _module_preset=&#8221;default&#8221; text_font=&#8221;||||||||&#8221; text_text_color=&#8221;#ddd6cc&#8221; text_font_size=&#8221;19px&#8221; text_line_height=&#8221;1.4em&#8221; hover_enabled=&#8221;0&#8243; global_colors_info=&#8221;{}&#8221; sticky_enabled=&#8221;0&#8243;]<\/p>\n<p style=\"text-align: center;\"><span style=\"color: #993300;\"><strong>EGYES\u00dcLET<\/strong><\/span><\/p>\n<p style=\"text-align: center;\"><span style=\"color: #993300;\">A Csapat hivatalos neve:\u00a0<strong>Reg\u00e9l\u0151 Feh\u00e9r T\u00e1ltos Hagyom\u00e1ny\u0151rz\u0151 Egyes\u00fclet<\/strong><\/span><br \/><span style=\"color: #993300;\">C\u00edme: 1172 Budapest, Lask\u00f3 u. 28.<\/span><br \/><span style=\"color: #993300;\">Ad\u00f3sz\u00e1ma: 19550204-1-42<\/span><\/p>\n<p style=\"text-align: center;\"><span style=\"color: #993300;\"><b>Eln\u00f6k: Varga Kl\u00e1ra<br \/>(0036) 20\/ 319-56-36<br \/><a href=\"mailto:taltosdob@gmail.com\" style=\"color: #993300;\">taltosdob@gmail.com<\/a><\/b><\/span><\/p>\n<p style=\"text-align: center;\">[\/et_pb_text][\/et_pb_column][\/et_pb_row][et_pb_row _builder_version=&#8221;4.9.2&#8243; _module_preset=&#8221;default&#8221; background_color=&#8221;RGBA(0,0,0,0)&#8221; custom_margin=&#8221;18px|auto||auto||&#8221; custom_padding=&#8221;18px||16px|||&#8221; global_colors_info=&#8221;{}&#8221;][et_pb_column type=&#8221;4_4&#8243; _builder_version=&#8221;4.9.2&#8243; _module_preset=&#8221;default&#8221; global_colors_info=&#8221;{}&#8221;][et_pb_text _builder_version=&#8221;4.14.9&#8243; _module_preset=&#8221;default&#8221; text_font=&#8221;||||||||&#8221; text_text_color=&#8221;#ddd6cc&#8221; text_font_size=&#8221;20px&#8221; text_line_height=&#8221;1.4em&#8221; global_colors_info=&#8221;{}&#8221;]<\/p>\n<p style=\"text-align: center;\"><span style=\"color: #993300;\"><strong>LET\u00d6LTHET\u0150 DOKUMENTUMOK<\/strong><\/span><\/p>\n<p>[\/et_pb_text][\/et_pb_column][\/et_pb_row][et_pb_row column_structure=&#8221;1_5,1_5,1_5,1_5,1_5&#8243; _builder_version=&#8221;4.9.2&#8243; _module_preset=&#8221;default&#8221; global_colors_info=&#8221;{}&#8221;][et_pb_column type=&#8221;1_5&#8243; _builder_version=&#8221;4.9.2&#8243; _module_preset=&#8221;default&#8221; global_colors_info=&#8221;{}&#8221;][\/et_pb_column][et_pb_column type=&#8221;1_5&#8243; _builder_version=&#8221;4.9.2&#8243; _module_preset=&#8221;default&#8221; global_colors_info=&#8221;{}&#8221;][et_pb_button button_url=&#8221;https:\/\/www.taltosdob.hu\/wp-content\/uploads\/2026\/02\/szorolap_2025_08_03.pdf&#8221; url_new_window=&#8221;on&#8221; button_text=&#8221;R\u00f6vid ismertet\u0151&#8221; button_alignment=&#8221;center&#8221; _builder_version=&#8221;4.14.9&#8243; _module_preset=&#8221;default&#8221; hover_enabled=&#8221;0&#8243; global_colors_info=&#8221;{}&#8221; sticky_enabled=&#8221;0&#8243;][\/et_pb_button][\/et_pb_column][et_pb_column type=&#8221;1_5&#8243; _builder_version=&#8221;4.9.2&#8243; _module_preset=&#8221;default&#8221; global_colors_info=&#8221;{}&#8221;][et_pb_button button_url=&#8221;https:\/\/www.taltosdob.hu\/wp-content\/uploads\/2026\/02\/rft_bemutatkozo_2025_09.pdf&#8221; url_new_window=&#8221;on&#8221; button_text=&#8221;R\u00e9szletes bemutatkoz\u00e1s&#8221; button_alignment=&#8221;center&#8221; _builder_version=&#8221;4.14.9&#8243; _module_preset=&#8221;default&#8221; hover_enabled=&#8221;0&#8243; global_colors_info=&#8221;{}&#8221; sticky_enabled=&#8221;0&#8243;][\/et_pb_button][\/et_pb_column][et_pb_column type=&#8221;1_5&#8243; _builder_version=&#8221;4.9.2&#8243; _module_preset=&#8221;default&#8221; global_colors_info=&#8221;{}&#8221;][et_pb_button button_url=&#8221;\/taltosdob.hu\/wp-content\/uploads\/2021\/07\/adomanyozasi_szerzodes_jogi-regelo-feher-taltos-h.-dobegyesuelet-1.pdf&#8221; url_new_window=&#8221;on&#8221; button_text=&#8221;Adom\u00e1nyoz\u00e1si szerz\u0151d\u00e9s&#8221; button_alignment=&#8221;center&#8221; _builder_version=&#8221;4.9.2&#8243; _module_preset=&#8221;default&#8221; global_colors_info=&#8221;{}&#8221;][\/et_pb_button][\/et_pb_column][et_pb_column type=&#8221;1_5&#8243; _builder_version=&#8221;4.9.2&#8243; _module_preset=&#8221;default&#8221; global_colors_info=&#8221;{}&#8221;][\/et_pb_column][\/et_pb_row][et_pb_row _builder_version=&#8221;4.14.9&#8243; _module_preset=&#8221;default&#8221; global_colors_info=&#8221;{}&#8221;][et_pb_column type=&#8221;4_4&#8243; _builder_version=&#8221;4.14.9&#8243; _module_preset=&#8221;default&#8221; global_colors_info=&#8221;{}&#8221;][et_pb_text _builder_version=&#8221;4.14.9&#8243; _module_preset=&#8221;default&#8221; global_colors_info=&#8221;{}&#8221;]<\/p>\n<h3 style=\"text-align: center;\"><span style=\"color: #993300;\">K\u00f6zhaszn\u00fas\u00e1gi jelent\u00e9sek<\/span><\/h3>\n<table border=\"0\" style=\"width: 80%; border-collapse: collapse; margin-left: auto; margin-right: auto; border-style: none; height: 96px;\">\n<tbody>\n<tr style=\"height: 24px;\">\n<td style=\"width: 25%; height: 24px;\"><span style=\"color: #993300;\"><a href=\"https:\/\/www.taltosdob.hu\/wp-content\/uploads\/2023\/05\/00015893_OBH_2011.pdf\" target=\"_blank\" rel=\"noopener\" style=\"color: #993300;\">2011<\/a><\/span><\/td>\n<td style=\"width: 25%; height: 24px;\"><span style=\"color: #993300;\"><a href=\"https:\/\/www.taltosdob.hu\/wp-content\/uploads\/2023\/05\/00066456_OBH_2012.pdf\" target=\"_blank\" rel=\"noopener\" style=\"color: #993300;\">2012<\/a><\/span><\/td>\n<td style=\"width: 25%; height: 24px;\"><span style=\"color: #993300;\"><a href=\"https:\/\/www.taltosdob.hu\/wp-content\/uploads\/2023\/05\/00095532_OBH_2013.pdf\" target=\"_blank\" rel=\"noopener\" style=\"color: #993300;\">2013<\/a><\/span><\/td>\n<td style=\"width: 25%; height: 24px;\"><span style=\"color: #993300;\"><a href=\"https:\/\/www.taltosdob.hu\/wp-content\/uploads\/2023\/05\/EB00021288_OBH_2014.pdf\" target=\"_blank\" rel=\"noopener\" style=\"color: #993300;\">2014<\/a><\/span><\/td>\n<\/tr>\n<tr style=\"height: 24px;\">\n<td style=\"width: 25%; height: 24px;\"><span style=\"color: #993300;\"><a href=\"https:\/\/www.taltosdob.hu\/wp-content\/uploads\/2023\/05\/EB00059056_OBH_2015.pdf\" target=\"_blank\" rel=\"noopener\" style=\"color: #993300;\">2015<\/a><\/span><\/td>\n<td style=\"width: 25%; height: 24px;\"><span style=\"color: #993300;\"><a href=\"https:\/\/www.taltosdob.hu\/wp-content\/uploads\/2023\/05\/EB00133541_OBH_2016.pdf\" target=\"_blank\" rel=\"noopener\" style=\"color: #993300;\">2016<\/a><\/span><\/td>\n<td style=\"width: 25%; height: 24px;\"><span style=\"color: #993300;\"><a href=\"https:\/\/www.taltosdob.hu\/wp-content\/uploads\/2023\/05\/EB00191454_OBH_2017.pdf\" target=\"_blank\" rel=\"noopener\" style=\"color: #993300;\">2017<\/a><\/span><\/td>\n<td style=\"width: 25%; height: 24px;\"><span style=\"color: #993300;\"><a href=\"https:\/\/www.taltosdob.hu\/wp-content\/uploads\/2023\/05\/EB00256837_OBH_2018.pdf\" target=\"_blank\" rel=\"noopener\" style=\"color: #993300;\">2018<\/a><\/span><\/td>\n<\/tr>\n<tr style=\"height: 24px;\">\n<td style=\"width: 25%; height: 24px;\"><span style=\"color: #993300;\"><a href=\"https:\/\/www.taltosdob.hu\/wp-content\/uploads\/2023\/05\/EB00337854_2019_OBH.pdf\" target=\"_blank\" rel=\"noopener\" style=\"color: #993300;\">2019<\/a><\/span><\/td>\n<td style=\"width: 25%; height: 24px;\"><span style=\"color: #993300;\"><a href=\"https:\/\/www.taltosdob.hu\/wp-content\/uploads\/2023\/05\/EB00549834_2020_OBH.pdf\" target=\"_blank\" rel=\"noopener\" style=\"color: #993300;\">2020<\/a><\/span><\/td>\n<td style=\"width: 25%; height: 24px;\"><a href=\"https:\/\/www.taltosdob.hu\/wp-content\/uploads\/2026\/02\/2021_EB00605306.pdf\" target=\"_blank\" rel=\"noopener\">2021<\/a><\/td>\n<td style=\"width: 25%; height: 24px;\"><a href=\"https:\/\/www.taltosdob.hu\/wp-content\/uploads\/2026\/02\/2022_EB00656854.pdf\" target=\"_blank\" rel=\"noopener\">2022<\/a><\/td>\n<\/tr>\n<tr style=\"height: 24px;\">\n<td style=\"width: 25%; height: 24px;\"><a href=\"https:\/\/www.taltosdob.hu\/wp-content\/uploads\/2026\/02\/2023_EB00726851.pdf\" target=\"_blank\" rel=\"noopener\"><span style=\"color: #993300;\">2023<\/span><\/a><\/td>\n<td style=\"width: 25%; height: 24px;\"><a href=\"https:\/\/www.taltosdob.hu\/wp-content\/uploads\/2026\/02\/2024_EB00782417.pdf\" target=\"_blank\" rel=\"noopener\"><span style=\"color: #993300;\">2024<\/span><\/a><\/td>\n<td style=\"width: 25%; height: 24px;\"><\/td>\n<td style=\"width: 25%; height: 24px;\"><\/td>\n<\/tr>\n<\/tbody>\n<\/table>\n<p>&nbsp;<\/p>\n<p>[\/et_pb_text][\/et_pb_column][\/et_pb_row][\/et_pb_section]<\/p>\n","protected":false},"excerpt":{"rendered":"<p>EGYES\u00dcLETEGYES\u00dcLET A Csapat hivatalos neve:\u00a0Reg\u00e9l\u0151 Feh\u00e9r T\u00e1ltos Hagyom\u00e1ny\u0151rz\u0151 Egyes\u00fcletC\u00edme: 1172 Budapest, Lask\u00f3 u. 28.Ad\u00f3sz\u00e1ma: 19550204-1-42 Eln\u00f6k: Varga Kl\u00e1ra(0036) 20\/ 319-56-36taltosdob@gmail.com LET\u00d6LTHET\u0150 DOKUMENTUMOKK\u00f6zhaszn\u00fas\u00e1gi jelent\u00e9sek 2011 2012 2013 2014 2015 2016 2017 2018 2019 2020 2021 2022 2023 2024 &nbsp;<\/p>\n","protected":false},"author":1,"featured_media":0,"parent":342,"menu_order":0,"comment_status":"closed","ping_status":"closed","template":"","meta":{"_et_pb_use_builder":"on","_et_pb_old_content":"","_et_gb_content_width":"","ngg_post_thumbnail":0,"footnotes":""},"class_list":["post-785","page","type-page","status-publish","hentry"],"yoast_head":"<!-- This site is optimized with the Yoast SEO plugin v27.5 - https:\/\/yoast.com\/product\/yoast-seo-wordpress\/ -->\n<title>EGYES\u00dcLET - Reg\u00e9l\u0151 Feh\u00e9r T\u00e1ltos Dobcsapat<\/title>\n<meta name=\"robots\" content=\"index, follow, max-snippet:-1, max-image-preview:large, max-video-preview:-1\" \/>\n<link rel=\"canonical\" href=\"https:\/\/www.taltosdob.hu\/index.php\/bemutatkozas\/egyesulet\/\" \/>\n<meta property=\"og:locale\" content=\"hu_HU\" \/>\n<meta property=\"og:type\" content=\"article\" \/>\n<meta property=\"og:title\" content=\"EGYES\u00dcLET - Reg\u00e9l\u0151 Feh\u00e9r T\u00e1ltos Dobcsapat\" \/>\n<meta property=\"og:description\" content=\"EGYES\u00dcLETEGYES\u00dcLET A Csapat hivatalos neve:\u00a0Reg\u00e9l\u0151 Feh\u00e9r T\u00e1ltos Hagyom\u00e1ny\u0151rz\u0151 Egyes\u00fcletC\u00edme: 1172 Budapest, Lask\u00f3 u. 28.Ad\u00f3sz\u00e1ma: 19550204-1-42 Eln\u00f6k: Varga Kl\u00e1ra(0036) 20\/ 319-56-36taltosdob@gmail.com LET\u00d6LTHET\u0150 DOKUMENTUMOKK\u00f6zhaszn\u00fas\u00e1gi jelent\u00e9sek 2011 2012 2013 2014 2015 2016 2017 2018 2019 2020 2021 2022 2023 2024 &nbsp;\" \/>\n<meta property=\"og:url\" content=\"https:\/\/www.taltosdob.hu\/index.php\/bemutatkozas\/egyesulet\/\" \/>\n<meta property=\"og:site_name\" content=\"Reg\u00e9l\u0151 Feh\u00e9r T\u00e1ltos Dobcsapat\" \/>\n<meta property=\"article:modified_time\" content=\"2026-02-19T08:55:56+00:00\" \/>\n<meta name=\"twitter:card\" content=\"summary_large_image\" \/>\n<meta name=\"twitter:label1\" content=\"Becs\u00fclt olvas\u00e1si id\u0151\" \/>\n\t<meta name=\"twitter:data1\" content=\"1 perc\" \/>\n<script type=\"application\/ld+json\" class=\"yoast-schema-graph\">{\"@context\":\"https:\\\/\\\/schema.org\",\"@graph\":[{\"@type\":\"WebPage\",\"@id\":\"https:\\\/\\\/www.taltosdob.hu\\\/index.php\\\/bemutatkozas\\\/egyesulet\\\/\",\"url\":\"https:\\\/\\\/www.taltosdob.hu\\\/index.php\\\/bemutatkozas\\\/egyesulet\\\/\",\"name\":\"EGYES\u00dcLET - Reg\u00e9l\u0151 Feh\u00e9r T\u00e1ltos Dobcsapat\",\"isPartOf\":{\"@id\":\"https:\\\/\\\/www.taltosdob.hu\\\/#website\"},\"datePublished\":\"2021-10-19T14:30:06+00:00\",\"dateModified\":\"2026-02-19T08:55:56+00:00\",\"breadcrumb\":{\"@id\":\"https:\\\/\\\/www.taltosdob.hu\\\/index.php\\\/bemutatkozas\\\/egyesulet\\\/#breadcrumb\"},\"inLanguage\":\"hu\",\"potentialAction\":[{\"@type\":\"ReadAction\",\"target\":[\"https:\\\/\\\/www.taltosdob.hu\\\/index.php\\\/bemutatkozas\\\/egyesulet\\\/\"]}]},{\"@type\":\"BreadcrumbList\",\"@id\":\"https:\\\/\\\/www.taltosdob.hu\\\/index.php\\\/bemutatkozas\\\/egyesulet\\\/#breadcrumb\",\"itemListElement\":[{\"@type\":\"ListItem\",\"position\":1,\"name\":\"Kezd\u0151lap\",\"item\":\"https:\\\/\\\/www.taltosdob.hu\\\/\"},{\"@type\":\"ListItem\",\"position\":2,\"name\":\"Bemutatkoz\u00e1s\",\"item\":\"https:\\\/\\\/www.taltosdob.hu\\\/index.php\\\/bemutatkozas\\\/\"},{\"@type\":\"ListItem\",\"position\":3,\"name\":\"EGYES\u00dcLET\"}]},{\"@type\":\"WebSite\",\"@id\":\"https:\\\/\\\/www.taltosdob.hu\\\/#website\",\"url\":\"https:\\\/\\\/www.taltosdob.hu\\\/\",\"name\":\"Reg\u00e9l\u0151 Feh\u00e9r T\u00e1ltos Dobcsapat\",\"description\":\"...egy \u00fajabb WordPress honlap...\",\"potentialAction\":[{\"@type\":\"SearchAction\",\"target\":{\"@type\":\"EntryPoint\",\"urlTemplate\":\"https:\\\/\\\/www.taltosdob.hu\\\/?s={search_term_string}\"},\"query-input\":{\"@type\":\"PropertyValueSpecification\",\"valueRequired\":true,\"valueName\":\"search_term_string\"}}],\"inLanguage\":\"hu\"}]}<\/script>\n<!-- \/ Yoast SEO plugin. -->","yoast_head_json":{"title":"EGYES\u00dcLET - Reg\u00e9l\u0151 Feh\u00e9r T\u00e1ltos Dobcsapat","robots":{"index":"index","follow":"follow","max-snippet":"max-snippet:-1","max-image-preview":"max-image-preview:large","max-video-preview":"max-video-preview:-1"},"canonical":"https:\/\/www.taltosdob.hu\/index.php\/bemutatkozas\/egyesulet\/","og_locale":"hu_HU","og_type":"article","og_title":"EGYES\u00dcLET - Reg\u00e9l\u0151 Feh\u00e9r T\u00e1ltos Dobcsapat","og_description":"EGYES\u00dcLETEGYES\u00dcLET A Csapat hivatalos neve:\u00a0Reg\u00e9l\u0151 Feh\u00e9r T\u00e1ltos Hagyom\u00e1ny\u0151rz\u0151 Egyes\u00fcletC\u00edme: 1172 Budapest, Lask\u00f3 u. 28.Ad\u00f3sz\u00e1ma: 19550204-1-42 Eln\u00f6k: Varga Kl\u00e1ra(0036) 20\/ 319-56-36taltosdob@gmail.com LET\u00d6LTHET\u0150 DOKUMENTUMOKK\u00f6zhaszn\u00fas\u00e1gi jelent\u00e9sek 2011 2012 2013 2014 2015 2016 2017 2018 2019 2020 2021 2022 2023 2024 &nbsp;","og_url":"https:\/\/www.taltosdob.hu\/index.php\/bemutatkozas\/egyesulet\/","og_site_name":"Reg\u00e9l\u0151 Feh\u00e9r T\u00e1ltos Dobcsapat","article_modified_time":"2026-02-19T08:55:56+00:00","twitter_card":"summary_large_image","twitter_misc":{"Becs\u00fclt olvas\u00e1si id\u0151":"1 perc"},"schema":{"@context":"https:\/\/schema.org","@graph":[{"@type":"WebPage","@id":"https:\/\/www.taltosdob.hu\/index.php\/bemutatkozas\/egyesulet\/","url":"https:\/\/www.taltosdob.hu\/index.php\/bemutatkozas\/egyesulet\/","name":"EGYES\u00dcLET - Reg\u00e9l\u0151 Feh\u00e9r T\u00e1ltos Dobcsapat","isPartOf":{"@id":"https:\/\/www.taltosdob.hu\/#website"},"datePublished":"2021-10-19T14:30:06+00:00","dateModified":"2026-02-19T08:55:56+00:00","breadcrumb":{"@id":"https:\/\/www.taltosdob.hu\/index.php\/bemutatkozas\/egyesulet\/#breadcrumb"},"inLanguage":"hu","potentialAction":[{"@type":"ReadAction","target":["https:\/\/www.taltosdob.hu\/index.php\/bemutatkozas\/egyesulet\/"]}]},{"@type":"BreadcrumbList","@id":"https:\/\/www.taltosdob.hu\/index.php\/bemutatkozas\/egyesulet\/#breadcrumb","itemListElement":[{"@type":"ListItem","position":1,"name":"Kezd\u0151lap","item":"https:\/\/www.taltosdob.hu\/"},{"@type":"ListItem","position":2,"name":"Bemutatkoz\u00e1s","item":"https:\/\/www.taltosdob.hu\/index.php\/bemutatkozas\/"},{"@type":"ListItem","position":3,"name":"EGYES\u00dcLET"}]},{"@type":"WebSite","@id":"https:\/\/www.taltosdob.hu\/#website","url":"https:\/\/www.taltosdob.hu\/","name":"Reg\u00e9l\u0151 Feh\u00e9r T\u00e1ltos Dobcsapat","description":"...egy \u00fajabb WordPress honlap...","potentialAction":[{"@type":"SearchAction","target":{"@type":"EntryPoint","urlTemplate":"https:\/\/www.taltosdob.hu\/?s={search_term_string}"},"query-input":{"@type":"PropertyValueSpecification","valueRequired":true,"valueName":"search_term_string"}}],"inLanguage":"hu"}]}},"_links":{"self":[{"href":"https:\/\/www.taltosdob.hu\/index.php\/wp-json\/wp\/v2\/pages\/785","targetHints":{"allow":["GET"]}}],"collection":[{"href":"https:\/\/www.taltosdob.hu\/index.php\/wp-json\/wp\/v2\/pages"}],"about":[{"href":"https:\/\/www.taltosdob.hu\/index.php\/wp-json\/wp\/v2\/types\/page"}],"author":[{"embeddable":true,"href":"https:\/\/www.taltosdob.hu\/index.php\/wp-json\/wp\/v2\/users\/1"}],"replies":[{"embeddable":true,"href":"https:\/\/www.taltosdob.hu\/index.php\/wp-json\/wp\/v2\/comments?post=785"}],"version-history":[{"count":22,"href":"https:\/\/www.taltosdob.hu\/index.php\/wp-json\/wp\/v2\/pages\/785\/revisions"}],"predecessor-version":[{"id":1427,"href":"https:\/\/www.taltosdob.hu\/index.php\/wp-json\/wp\/v2\/pages\/785\/revisions\/1427"}],"up":[{"embeddable":true,"href":"https:\/\/www.taltosdob.hu\/index.php\/wp-json\/wp\/v2\/pages\/342"}],"wp:attachment":[{"href":"https:\/\/www.taltosdob.hu\/index.php\/wp-json\/wp\/v2\/media?parent=785"}],"curies":[{"name":"wp","href":"https:\/\/api.w.org\/{rel}","templated":true}]}}